3) in base 14?
-14
What is -1 (base 7) in base 5?
-1
-2 (base 13) to base 12
-2
What is 4 (base 9) in base 11?
4
11 (base 2) to base 11
3
Convert 0 (base 11) to base 6.
0
3 (base 7) to base 12
3
What is 47 (base 11) in base 9?
56
6 (base 7) to base 8
6
What is -1 (base 12) in base 13?
-1
Convert 2021 (base 3) to base 7.
115
Convert -82 (base 13) to base 7.
-211
What is -44 (base 7) in base 14?
-24
-22 (base 12) to base 8
-32
11 (base 2) to base 10
3
What is 1212 (base 4) in base 12?
86
1313 (base 4) to base 8
167
What is -1 (base 7) in base 8?
-1
Convert 6 (base 12) to base 15.
6
What is 2303 (base 5) in base 2?
101001000
-2 (base 9) to base 8
-2
Convert 2a (base 14) to base 4.
212
What is -3 (base 16) in base 3?
-10
Convert -4 (base 8) to base 16.
-4
Convert 4 (base 10) to base 13.
4
What is -15 (base 12) in base 13?
-14
What is 0 (base 6) in base 10?
0
-2 (base 6) to base 3
-2
-1 (base 4) to base 3
-1
Convert -200 (base 4) to base 15.
-22
Convert -1 (base 15) to base 3.
-1
-4 (base 6) to base 15
-4
Convert -1001110 (base 2) to base 11.
-71
What is -10 (base 2) in base 14?
-2
2f (base 16) to base 2
101111
Convert 145 (base 13) to base 9.
271
Convert -6 (base 8) to base 4.
-12
-2 (base 3) to base 14
-2
What is 0 (base 12) in base 11?
0
What is 11 (base 7) in base 2?
1000
What is -423 (base 9) in base 12?
-249
Convert -3 (base 9) to base 16.
-3
What is 44 (base 11) in base 8?
60
What is 1c (base 15) in base 8?
33
Convert -10 (base 7) to base 3.
-21
22 (base 4) to base 13
a
Convert 1030 (base 5) to base 13.
aa
-47 (base 15) to base 7
-124
What is 341 (base 7) in base 6?
452
-13 (base 11) to base 2
-1110
Convert 10000100 (base 2) to base 6.
340
What is -10 (base 2) in base 10?
-2
What is -21 (base 11) in base 10?
-23
Convert 8 (base 15) to base 12.
8
What is -1442 (base 5) in base 10?
-247
Convert 33 (base 16) to base 4.
303
101101 (base 2) to base 15
30
-22 (base 5) to base 13
-c
Convert 8 (base 15) to base 6.
12
-1 (base 2) to base 7
-1
What is -1 (base 3) in base 11?
-1
What is -4b (base 14) in base 6?
-151
-3 (base 7) to base 12
-3
Convert 30 (base 6) to base 16.
12
Convert -15 (base 15) to base 3.
-202
Convert 1102 (base 4) to base 9.
101
Convert 0 (base 11) to base 8.
0
Convert -2032 (base 5) to base 8.
-413
What is 3 (base 7) in base 14?
3
What is -3 (base 12) in base 9?
-3
-1c (base 16) to base 13
-22
What is 2 (base 16) in base 3?
2
What is -1 (base 4) in base 8?
-1
Convert -3 (base 11) to base 14.
-3
What is -3 (base 5) in base 3?
-10
Convert b8 (base 16) to base 6.
504
-1100101 (base 2) to base 7
-203
4d (base 14) to base 7
126
-30 (base 10) to base 12
-26
What is -211 (base 8) in base 2?
-10001001
Convert -14 (base 5) to base 6.
-13
Convert -411 (base 5) to base 16.
-6a
-2 (base 8) to base 12
-2
-42 (base 13) to base 9
-60
Convert -18 (base 10) to base 16.
-12
What is -4 (base 8) in base 4?
-10
Convert 2 (base 14) to base 3.
2
What is -2021 (base 3) in base 12?
-51
-51 (base 8) to base 15
-2b
Convert -11 (base 7) to base 10.
-8
Convert 46 (base 8) to base 5.
123
13 (base 9) to base 5
22
-111 (base 3) to base 8
-15
0 (base 9) to base 11
0
16 (base 8) to base 2
1110
-17 (base 11) to base 5
-33
0 (base 6) to base 12
0
What is 1001011 (base 2) in base 5?
300
Convert -10133 (base 4) to base 14.
-167
-12 (base 6) to base 16
-8
Convert 10 (base 4) to base 15.
4
Convert 310 (base 5) to base 3.
2222
What is 2 (base 10) in base 5?
2
What is -2 (base 15) in base 4?
-2
1111 (base 2) to base 4
33
-1131 (base 4) to base 16
-5d
Convert -89 (base 10) to base 9.
-108
-4 (base 6) to base 12
-4
Convert 10012 (base 3) to base 4.
1112
-348 (base 9) to base 4
-10133
-100 (base 2) to base 11
-4
What is -100010 (base 2) in base 16?
-22
Convert -2 (base 3) to base 10.
-2
What is -a (base 15) in base 3?
-101
Convert -3100 (base 4) to base 11.
-17a
What is -5 (base 15) in base 6?
-5
1011 (base 2) to base 5
21
What is -5 (base 7) in base 13?
-5
1 (base 4) to base 6
1
Convert 12 (base 6) to base 2.
1000
What is -3 (base 7) in base 15?
-3
Convert 124 (base 8) to base 5.
314
What is 11 (base 15) in base 6?
24
Convert -3 (base 6) to base 12.
-3
201 (base 4) to base 9
36
Convert 6 (base 11) to base 14.
6
Convert 2b (base 13) to base 9.
41
What is 23 (base 13) in base 4?
131
What is 10 (base 3) in base 8?
3
-11011111 (base 2) to base 15
-ed
-66 (base 12) to base 13
-60
What is -10 (base 2) in base 15?
-2
1 (base 9) to base 12
1
Convert -1 (base 10) to base 2.
-1
What is -12 (base 15) in base 7?
-23
What is 12 (base 6) in base 3?
22
Convert -210 (base 6) to base 8.
-116
What is -8 (base 15) in base 8?
-10
Convert 164 (base 8) to base 6.
312
What is -11110 (base 3) in base 4?
-1320
1 (base 13) to base 5
1
Convert 1 (base 10) to base 9.
1
Convert 0 (base 14) to base 16.
0
69 (base 15) to base 9
120
301 (base 8) to base 15
cd
What is 11 (base 12) in base 4?
31
What is -2 (base 10) in base 11?
-2
30 (base 5) to base 8
17
Convert 1 (base 2) to base 9.
1
11 (base 3) to base 7
4
What is 1 (base 4) in base 9?
1
What is 112 (base 15) in base 8?
362
Convert -1 (base 2) to base 6.
-1
Convert 3 (base 8) to base 14.
3
Convert -30 (base 5) to base 2.
-1111
-9 (base 10) to base 11
-9
-100 (base 10) to base 13
-79
Convert 1101100 (base 2) to base 16.
6c
What is 144 (base 14) in base 5?
2011
-2 (base 16) to base 5
-2
What is -1 (base 11) in base 2?
-1
What is 10 (base 3) in base 11?
3
What is -122 (base 5) in base 12?
-31
Convert 10110 (base 3) to base 7.
162
Convert -211 (base 5) to base 11.
-51
Convert 1 (base 11) to base 8.
1
Convert -6 (base 13) to base 11.
-6
What is -16 (base 8) in base 4?
-32
124 (base 9) to base 6
251
Convert 566 (base 8) to base 14.
1ca
-33 (base 12) to base 11
-36
Convert -114 (base 7) to base 4.
-330
-6 (base 7) to base 4
-12
What is 1c (base 13) in base 4?
121
Convert -7 (base 10) to base 13.
-7
What is 23 (base 11) in base 13?
1c
What is -6 (base 14) in base 4?
-12
Convert 14 (base 8) to base 15.
c
Convert 10 (base 5) to base 14.
5
Convert -12 (base 11) to base 15.
-d
What is 1 (base 8) in base 10?
1
7 (base 13) to base 9
7
5 (base 10) to base 15
5
What is -3 (base 4) in base 5?
-3
What is 52 (base 9) in base 7?
65
Convert 0 (base 14) to base 2.
0
-14 (base 7) to base 3
-102
Convert -7 (base 13) to base 8.
-7
Convert -a (base 14) to base 15.
-a
Convert -13 (base 12) to base 9.
-16
What is -b7 (base 13) in base 9?
-176
What is -1122 (base 3) in base 2?
-101100
Convert -30 (base 16) to base 9.
-53
-11 (base 2) to base 10
-3
What is 34 (base 7) in base 6?
41
Convert 33 (base 6) to base 4.
111
10100001 (base 2) to base 5
1121
What is 3 (base 12) in base 9?
3
What is -134 (base 7) in base 12?
-62
52 (base 12) to base 13
4a
3 (base 10) to base 9
3
Convert 11d (base 14) to base 5.
1343
Convert 58 (base 15) to base 13.
65
4 (base 8) to base 16
4
What is -4 (base 16) in base 4?
-10
Convert 32 (base 6) to base 2.
10100
What is 1012 (base 3) in base 9?
35
-12 (base 7) to base 14
-9
-54 (base 8) to base 5
-134
What is 10 (base 4) in base 6?
4
Convert -432 (base 7) to base 10.
-219
What is -52 (base 7) in base 15?
-27
Convert -102211 (base 3) to base 7.
-634
-11 (base 3) to base 9
-4
Convert 432 (base 5) to base 6.
313
What is -1b (base 12) in base 4?
-113
What is -11 (base 4) in base 6?
-5
Convert -2 (base 7) to base 15.
-2
Convert 444 (base 5) to base 10.
124
2 (base 11) to base 2
10
-245 (base 9) to base 16
-cb
24 (base 10) to base 14
1a
Convert 3 (base 9) to base 8.
3
21 (base 5) to base 2
1011
Convert 2000 (base 3) to base 8.
66
What is 16 (base 12) in base 3?
200
-23 (base 6) to base 12
-13
What is 3 (base 14) in base 9?
3
What is 21 (base 3) in base 6?
11
What is -49 (base 11) in base 5?
-203
What is -5 (base 10) in base 9?
-5
-6 (base 7) to base 4
-12
What is -133 (base 4) in base 8?
-37
Convert 8 (base 15) to base 2.
1000
What is 266 (base 7) in base 12?
102
What is -125 (base 16) in base 7?
-566
Convert -2 (base 8) to base 5.
-2
Convert -4 (base 15) to base 14.
-4
Convert -4 (base 11) to base 12.
-4
Convert 0 (base 2) to base 11.
0
Convert 7 (base 13) to base 4.
13
-10001010 (base 2) to base 10
-138
What is 350 (base 6) in base 11?
116
Convert -43 (base 5) to base 3.
-212
Convert -6 (base 9) to base 12.
-6
Convert -3 (base 6) to base 11.
-3
102 (base 5) 